me factors of 2887?
2887
List the prime factors of 27957.
3, 9319
What are the prime factors of 39044?
2, 43, 227
List the prime factors of 1449.
3, 7, 23
List the prime factors of 12820.
2, 5, 641
List the prime factors of 44882.
2, 22441
What are the prime factors of 337?
337
List the prime factors of 29438.
2, 41, 359
List the prime factors of 3403.
41, 83
List the prime factors of 2052.
2, 3, 19
What are the prime factors of 7799?
11, 709
What are the prime factors of 1045?
5, 11, 19
List the prime factors of 1476.
2, 3, 41
List the prime factors of 100834.
2, 50417
What are the prime factors of 1441?
11, 131
List the prime factors of 19361.
19, 1019
List the prime factors of 832.
2, 13
List the prime factors of 133115.
5, 79, 337
List the prime factors of 127473.
3, 42491
List the prime factors of 17526.
2, 3, 23, 127
What are the prime factors of 1170?
2, 3, 5, 13
List the prime factors of 1542.
2, 3, 257
List the prime factors of 41183.
41183
List the prime factors of 23556.
2, 3, 13, 151
What are the prime factors of 14877?
3, 19, 29
List the prime factors of 2626.
2, 13, 101
What are the prime factors of 495?
3, 5, 11
What are the prime factors of 2360?
2, 5, 59
What are the prime factors of 1920?
2, 3, 5
What are the prime factors of 5298?
2, 3, 883
What are the prime factors of 6262?
2, 31, 101
List the prime factors of 873.
3, 97
List the prime factors of 20545.
5, 7, 587
What are the prime factors of 107254?
2, 7, 47, 163
What are the prime factors of 17494?
2, 8747
List the prime factors of 1221.
3, 11, 37
List the prime factors of 16765.
5, 7, 479
What are the prime factors of 41198?
2, 20599
List the prime factors of 10.
2, 5
List the prime factors of 46956.
2, 3, 7, 13, 43
List the prime factors of 41225.
5, 17, 97
List the prime factors of 1307.
1307
What are the prime factors of 15879?
3, 67, 79
List the prime factors of 2717.
11, 13, 19
What are the prime factors of 984?
2, 3, 41
List the prime factors of 33538.
2, 41, 409
What are the prime factors of 4217?
4217
List the prime factors of 7940.
2, 5, 397
What are the prime factors of 2109?
3, 19, 37
List the prime factors of 955.
5, 191
What are the prime factors of 1137?
3, 379
List the prime factors of 8790.
2, 3, 5, 293
List the prime factors of 33054.
2, 3, 7, 787
List the prime factors of 965.
5, 193
What are the prime factors of 12897?
3, 1433
What are the prime factors of 4463?
4463
List the prime factors of 16492.
2, 7, 19, 31
List the prime factors of 1741.
1741
What are the prime factors of 35216?
2, 31, 71
What are the prime factors of 74986?
2, 37493
What are the prime factors of 9445?
5, 1889
List the prime factors of 13141.
17, 773
What are the prime factors of 52025?
5, 2081
List the prime factors of 1353.
3, 11, 41
What are the prime factors of 6523?
11, 593
List the prime factors of 49249.
17, 2897
List the prime factors of 21547.
29, 743
List the prime factors of 18088.
2, 7, 17, 19
List the prime factors of 142597.
7, 13, 1567
What are the prime factors of 770?
2, 5, 7, 11
List the prime factors of 20999.
11, 23, 83
What are the prime factors of 22957?
11, 2087
List the prime factors of 10841.
37, 293
List the prime factors of 6881.
7, 983
What are the prime factors of 1037?
17, 61
What are the prime factors of 61120?
2, 5, 191
What are the prime factors of 359?
359
List the prime factors of 1287.
3, 11, 13
What are the prime factors of 31357?
31357
What are the prime factors of 20124?
2, 3, 13, 43
List the prime factors of 53098.
2, 139, 191
List the prime factors of 7808.
2, 61
What are the prime factors of 469?
7, 67
List the prime factors of 6038.
2, 3019
List the prime factors of 87224.
2, 10903
What are the prime factors of 1180?
2, 5, 59
List the prime factors of 57567.
3, 31, 619
What are the prime factors of 34679?
34679
List the prime factors of 7397.
13, 569
What are the prime factors of 3031?
7, 433
What are the prime factors of 7999?
19, 421
What are the prime factors of 280?
2, 5, 7
List the prime factors of 6668.
2, 1667
What are the prime factors of 14713?
14713
List the prime factors of 10050.
2, 3, 5, 67
What are the prime factors of 19497?
3, 67, 97
What are the prime factors of 82?
2, 41
What are the prime factors of 715?
5, 11, 13
List the prime factors of 1268.
2, 317
What are the prime factors of 33849?
3, 3761
What are the prime factors of 1514?
2, 757
List the prime factors of 5097.
3, 1699
List the prime factors of 17790.
2, 3, 5, 593
What are the prime factors of 6401?
37, 173
What are the prime factors of 999?
3, 37
What are the prime factors of 9093?
3, 7, 433
List the prime factors of 3439.
19, 181
What are the prime factors of 2796?
2, 3, 233
What are the prime factors of 647?
647
List the prime factors of 448.
2, 7
What are the prime factors of 272?
2, 17
List the prime factors of 6386.
2, 31, 103
List the prime factors of 6591.
3, 13
List the prime factors of 128341.
128341
List the prime factors of 400.
2, 5
List the prime factors of 871.
13, 67
What are the prime factors of 8320?
2, 5, 13
List the prime factors of 2366.
2, 7, 13
List the prime factors of 1505.
5, 7, 43
List the prime factors of 5572.
2, 7, 199
What are the prime factors of 1025?
5, 41
What are the prime factors of 48463?
48463
What are the prime factors of 4252?
2, 1063
What are the prime factors of 12520?
2, 5, 313
List the prime factors of 7982.
2, 13, 307
List the prime factors of 94480.
2, 5, 1181
What are the prime factors of 271?
271
What are the prime factors of 7181?
43, 167
What are the prime factors of 1459?
1459
List the prime factors of 3025.
5, 11
List the prime factors of 34730.
2, 5, 23, 151
What are the prime factors of 73962?
2, 3, 7, 587
List the prime factors of 10323.
3, 31, 37
List the prime factors of 395.
5, 79
List the prime factors of 3114.
2, 3, 173
What are the prime factors of 2469?
3, 823
What are the prime factors of 1028?
2, 257
List the prime factors of 4740.
2, 3, 5, 79
List the prime factors of 1108.
2, 277
List the prime factors of 805.
5, 7, 23
List the prime factors of 6456.
2, 3, 269
What are the prime factors of 12239?
12239
What are the prime factors of 2791?
2791
What are the prime factors of 256?
2
What are the prime factors of 7380?
2, 3, 5, 41
What are the prime factors of 71877?
3, 13, 19, 97
List the prime factors of 1956.
2, 3, 163
What are the prime factors of 2023?
7, 17
What are the prime factors of 5257?
7, 751
What are the prime factors of 15862?
2, 7, 11, 103
What are the prime factors of 1409?
1409
What are the prime factors of 3759?
3, 7, 179
List the prime factors of 39140.
2, 5, 19, 103
List the prime factors of 16583.
7, 23, 103
What are the prime factors of 123853?
123853
What are the prime factors of 122962?
2, 7, 8783
List the prime factors of 29202.
2, 3, 31, 157
List the prime factors of 410.
2, 5, 41
What are the prime factors of 293?
293
What are the prime factors of 5279?
5279
List the prime factors of 1149.
3, 383
List the prime factors of 604.
2, 151
What are the prime factors of 13411?
13411
What are the prime factors of 13367?
13367
List the prime factors of 6706.
2, 7, 479
List the prime factors of 763.
7, 109
List the prime factors of 9976.
2, 29, 43
What are the prime factors of 1964?
2, 491
What are the prime factors of 1400?
2, 5, 7
What are the prime factors of 940?
2, 5, 47
List the prime factors of 27861.
3, 37, 251
What are the prime factors of 5084?
2, 31, 41
What are the prime factors of 871?
13, 67
What are the prime factors of 1768?
2, 13, 17
What are the prime factors of 4827?
3, 1609
What are the prime factors of 1528?
2, 191
List the prime factors of 4451.
4451
What are the prime factors of 507?
3, 13
List the prime factors of 8632.
2, 13, 83
What are the prime factors of 893?
19, 47
List the prime factors of 4.
2
List the prime factors of 5333.
5333
What are the prime factors of 83203?
83203
What are the prime factors of 35432?
2, 43, 103
List the prime factors of 18665.
5, 3733
What are the prime factors of 5234?
2, 2617
What are the prime factors of 103506?
2, 3, 13, 1327
List the prime factors of 3326.
2, 1663
List the prime factors of 4469.
41, 109
What are the prime factors of 8574?
2, 3, 1429
What are the prime factors of 1797?
3, 599
List the prime factors 